{"id":22464,"date":"2024-11-25T09:39:32","date_gmt":"2024-11-25T09:39:32","guid":{"rendered":"https:\/\/csparoes.pt\/?page_id=22464"},"modified":"2024-11-25T11:44:09","modified_gmt":"2024-11-25T11:44:09","slug":"resposta-social-erpi","status":"publish","type":"page","link":"https:\/\/csparoes.pt\/index.php\/resposta-social-erpi\/","title":{"rendered":"Resposta Social &#8211; ERPI"},"content":{"rendered":"[vc_row row_type=&#8221;2&#8243; blox_height=&#8221;280&#8243; blox_image=&#8221;7804&#8243; page_title=&#8221;page-title-x&#8221; blox_dark=&#8221;true&#8221; video_fullscreen=&#8221;true&#8221; video_type=&#8221;video\/youtube&#8221;][vc_column][\/vc_column][\/vc_row][vc_row video_fullscreen=&#8221;true&#8221; video_url=&#8221;&#8221; video_type=&#8221;video\/youtube&#8221;][vc_column]<hr class=\"vertical-space4\">[vc_column_text]\n<h2 style=\"letter-spacing: 3px; text-align: center;\">ERPI | Resposta Social<\/h2>\n<p style=\"text-align: center;\">Estrutura Residencial para Pessoas Idosas do Centro Social e Paroquial de Ar\u00f5es<\/p>\n[\/vc_column_text][\/vc_column][\/vc_row][vc_row video_fullscreen=&#8221;true&#8221; video_url=&#8221;&#8221; video_type=&#8221;video\/youtube&#8221;][vc_column][vc_custom_heading text=&#8221;Introdu\u00e7\u00e3o&#8221; font_container=&#8221;tag:h2|text_align:center&#8221; use_theme_fonts=&#8221;yes&#8221;]<hr class=\"vertical-space1\">[vc_column_text css_animation=&#8221;top-to-bottom&#8221;]A Estrutura Residencial para Pessoas Idosas do Centro Social Paroquial da Freguesia de Ar\u00f5es encontra-se em funcionamento 24 horas por dia, todo o ano, tendo sido inaugurada em agosto de 2021, com uma capacidade para 30 utentes.[\/vc_column_text]<hr class=\"vertical-space2\">[vc_custom_heading text=&#8221;Objetivos&#8221; font_container=&#8221;tag:h2|text_align:center&#8221; use_theme_fonts=&#8221;yes&#8221;]<hr class=\"vertical-space1\">[vc_column_text]Constituem objetivos da estrutura residencial, designadamente, os seguintes:<\/p>\n<p>a) Proporcionar cuidados permanentes e adequados \u00e0 condi\u00e7\u00e3o biopsicossocial das pessoas idosas;<br \/>\nb) Contribuir para a estimula\u00e7\u00e3o de um processo de envelhecimento ativo e saud\u00e1vel promovendo o autocuidado e a presta\u00e7\u00e3o de cuidados personalizados e humanizados;<br \/>\nc) Criar condi\u00e7\u00f5es que permitam preservar e incentivar a rela\u00e7\u00e3o intrafamiliar e com pessoas de refer\u00eancia, bem como promover novas rela\u00e7\u00f5es interpessoais visando combater o isolamento;<br \/>\nd) Potenciar a inclus\u00e3o social;<br \/>\ne) Potenciar um ambiente seguro, confort\u00e1vel, acess\u00edvel e humanizado;<br \/>\nf) Promover estrat\u00e9gias de desenvolvimento da viv\u00eancia em comum, numa l\u00f3gica comunit\u00e1ria, com o respeito pela individualidade, interesses e capacidade, bem como pela privacidade de cada pessoa e\/ou fam\u00edlia;<br \/>\ng) Promover e enquadrar o envolvimento da comunidade no dia-a-dia da ERPI, numa l\u00f3gica complementar ao plano de atividades da ERPI;<br \/>\nh) Fomentar as rela\u00e7\u00f5es sociais, a conviv\u00eancia, a entreajuda e o esp\u00edrito de comunidade;<br \/>\ni) Proporcionar acolhimento transit\u00f3rio e tempor\u00e1rio, no \u00e2mbito do regime do descanso do cuidador informal e das altas hospitalares.[\/vc_column_text]<hr class=\"vertical-space2\">[vc_custom_heading text=&#8221;Atividades e Servi\u00e7os&#8221; font_container=&#8221;tag:h2|text_align:center&#8221; use_theme_fonts=&#8221;yes&#8221;]<hr class=\"vertical-space1\">[vc_column_text]A estrutura residencial presta um conjunto de atividades e servi\u00e7os, designadamente:<\/p>\n<p>a) Alimenta\u00e7\u00e3o adequada \u00e0s necessidades dos residentes, respeitando as prescri\u00e7\u00f5es m\u00e9dicas;<br \/>\nb) Cuidados de higiene pessoal;<br \/>\nc) Tratamento de roupa;<br \/>\nd) Higiene dos espa\u00e7os;<br \/>\ne) Atividades de anima\u00e7\u00e3o sociocultural, l\u00fadico-recreativas e ocupacionais que visem contribuir para um clima de relacionamento saud\u00e1vel entre os residentes e para a estimula\u00e7\u00e3o e manuten\u00e7\u00e3o das suas capacidades f\u00edsicas e ps\u00edquicas;<br \/>\nf) Apoio no desempenho das atividades da vida di\u00e1ria;<br \/>\ng) Cuidados de enfermagem, bem como o acesso a cuidados de sa\u00fade;<br \/>\nh) Administra\u00e7\u00e3o de f\u00e1rmacos, quando prescritos.[\/vc_column_text]<hr class=\"vertical-space1\"><article class=\"icon-box2\" ><i class=\"fa-clock-o\" style=\"\"><\/i><h4>Hor\u00e1rio de Funcionamento<\/h4><p>24 Horas<\/p><\/article>[\/vc_column][\/vc_row][vc_row row_type=&#8221;6&#8243; maxslider_image1=&#8221;8069&#8243; maxslider_image2=&#8221;7862&#8243;][vc_column width=&#8221;1\/2&#8243;][vc_custom_heading text=&#8221;Regulamento Interno&#8221; use_theme_fonts=&#8221;yes&#8221;]<article class=\"icon-box3\"  style=\"color: #ffffff\"><a target=\"_blank\" href=\"https:\/\/csparoes.pt\/wp-content\/uploads\/2024\/11\/Regulamento-Interno-ERPI.pdf\"><i class=\"fa-cloud-download\" style=\" color:#ffffff;\"><\/i><\/a><h4>Clique para abrir<\/h4><\/article><article class=\"icon-box3\"  style=\"color: #ffffff\"><a target=\"_blank\" href=\"https:\/\/csparoes.pt\/wp-content\/uploads\/2024\/11\/Regulamento-Interno-ERPI-Anexo.pdf\"><i class=\"fa-cloud-download\" style=\" color:#ffffff;\"><\/i><\/a><h4>Anexo<\/h4><\/article>[\/vc_column][vc_column width=&#8221;1\/2&#8243;][vc_custom_heading text=&#8221;Plano de Atividades&#8221; font_container=&#8221;tag:h2|text_align:center&#8221; use_theme_fonts=&#8221;yes&#8221;]<article class=\"icon-box3\"  style=\"color: #ffffff\"><a target=\"_blank\" href=\"https:\/\/csparoes.pt\/wp-content\/uploads\/2024\/11\/Plano-de-Atividades-ERPI-2024.pdf\"><i class=\"fa-cloud-download\" style=\" color:#ffffff;\"><\/i><\/a><h4>Plano de Atividades 2024<\/h4><\/article>[\/vc_column][\/vc_row]\n","protected":false},"excerpt":{"rendered":"<p>[vc_row row_type=&#8221;2&#8243; blox_height=&#8221;280&#8243; blox_image=&#8221;7804&#8243; page_title=&#8221;page-title-x&#8221; blox_dark=&#8221;true&#8221; video_fullscreen=&#8221;true&#8221; video_type=&#8221;video\/youtube&#8221;][vc_column][\/vc_column][\/vc_row][vc_row video_fullscreen=&#8221;true&#8221; video_url=&#8221;&#8221; video_type=&#8221;video\/youtube&#8221;][vc_column][vc_column_text] ERPI | Resposta Social Estrutura Residencial para Pessoas Idosas do Centro Social e Paroquial de Ar\u00f5es [\/vc_column_text][\/vc_column][\/vc_row][vc_row video_fullscreen=&#8221;true&#8221; video_url=&#8221;&#8221; video_type=&#8221;video\/youtube&#8221;][vc_column][vc_custom_heading text=&#8221;Introdu\u00e7\u00e3o&#8221; font_container=&#8221;tag:h2|text_align:center&#8221; use_theme_fonts=&#8221;yes&#8221;][vc_column_text css_animation=&#8221;top-to-bottom&#8221;]A Estrutura Residencial para Pessoas Idosas do Centro Social Paroquial da Freguesia de Ar\u00f5es encontra-se em funcionamento 24 horas por dia, todo o ano, tendo sido inaugurada em agosto de 2021, com uma capacidade para 30 utentes.[\/vc_column_text][vc_custom_heading text=&#8221;Objetivos&#8221; font_container=&#8221;tag:h2|text_align:center&#8221; use_theme_fonts=&#8221;yes&#8221;][vc_column_text]Constituem objetivos da estrutura residencial, designadamente, os seguintes: a) Proporcionar cuidados permanentes e adequados \u00e0 condi\u00e7\u00e3o biopsicossocial das pessoas idosas; b) Contribuir para a estimula\u00e7\u00e3o de um processo de envelhecimento ativo e saud\u00e1vel promovendo o autocuidado e a presta\u00e7\u00e3o de cuidados personalizados e humanizados; c) Criar condi\u00e7\u00f5es que permitam preservar e incentivar a rela\u00e7\u00e3o intrafamiliar e com pessoas de refer\u00eancia, bem como promover novas rela\u00e7\u00f5es interpessoais visando combater o isolamento; d) Potenciar a inclus\u00e3o social; e) Potenciar um ambiente seguro, confort\u00e1vel, acess\u00edvel e humanizado; f) Promover estrat\u00e9gias de desenvolvimento da viv\u00eancia em comum, numa l\u00f3gica comunit\u00e1ria, com o respeito pela individualidade, interesses e capacidade, bem como pela privacidade de cada pessoa e\/ou fam\u00edlia; g) Promover e enquadrar o envolvimento da comunidade no dia-a-dia da ERPI, numa l\u00f3gica complementar ao plano de atividades da ERPI; h) Fomentar as rela\u00e7\u00f5es sociais, a conviv\u00eancia, a entreajuda e o esp\u00edrito de comunidade; i) Proporcionar acolhimento transit\u00f3rio e tempor\u00e1rio, no \u00e2mbito do regime do descanso do cuidador informal e das altas hospitalares.[\/vc_column_text][vc_custom_heading text=&#8221;Atividades e Servi\u00e7os&#8221; font_container=&#8221;tag:h2|text_align:center&#8221; use_theme_fonts=&#8221;yes&#8221;][vc_column_text]A estrutura residencial presta um conjunto de atividades e servi\u00e7os, designadamente: a) Alimenta\u00e7\u00e3o adequada \u00e0s necessidades dos residentes, respeitando as prescri\u00e7\u00f5es m\u00e9dicas; b) Cuidados de higiene pessoal; c) Tratamento de roupa; d) Higiene dos espa\u00e7os; e) Atividades de anima\u00e7\u00e3o sociocultural, l\u00fadico-recreativas e ocupacionais que visem contribuir para um clima de relacionamento saud\u00e1vel entre os residentes e&#8230; <\/p>\n<p><a class=\"readmore\" href=\"https:\/\/csparoes.pt\/index.php\/resposta-social-erpi\/\">Ler Mais<\/a><\/p>\n","protected":false},"author":4,"featured_media":0,"parent":0,"menu_order":0,"comment_status":"closed","ping_status":"closed","template":"","meta":{"footnotes":""},"class_list":["post-22464","page","type-page","status-publish","hentry"],"aioseo_notices":[],"_links":{"self":[{"href":"https:\/\/csparoes.pt\/index.php\/wp-json\/wp\/v2\/pages\/22464","targetHints":{"allow":["GET"]}}],"collection":[{"href":"https:\/\/csparoes.pt\/index.php\/wp-json\/wp\/v2\/pages"}],"about":[{"href":"https:\/\/csparoes.pt\/index.php\/wp-json\/wp\/v2\/types\/page"}],"author":[{"embeddable":true,"href":"https:\/\/csparoes.pt\/index.php\/wp-json\/wp\/v2\/users\/4"}],"replies":[{"embeddable":true,"href":"https:\/\/csparoes.pt\/index.php\/wp-json\/wp\/v2\/comments?post=22464"}],"version-history":[{"count":27,"href":"https:\/\/csparoes.pt\/index.php\/wp-json\/wp\/v2\/pages\/22464\/revisions"}],"predecessor-version":[{"id":22560,"href":"https:\/\/csparoes.pt\/index.php\/wp-json\/wp\/v2\/pages\/22464\/revisions\/22560"}],"wp:attachment":[{"href":"https:\/\/csparoes.pt\/index.php\/wp-json\/wp\/v2\/media?parent=22464"}],"curies":[{"name":"wp","href":"https:\/\/api.w.org\/{rel}","templated":true}]}}

[vc_row row_type=&#8221;2&#8243; blox_height=&#8221;280&#8243; blox_image=&#8221;7804&#8243; page_title=&#8221;page-title-x&#8221; blox_dark=&#8221;true&#8221; video_fullscreen=&#8221;true&#8221; video_type=&#8221;video/youtube&#8221;][vc_column][/vc_column][/vc_row][vc_row video_fullscreen=&#8221;true&#8221; video_url=&#8221;&#8221; video_type=&#8221;video/youtube&#8221;][vc_column]<hr class="vertical-space4">[vc_column_text]
<h2 style="letter-spacing: 3px; text-align: center;">ERPI | Resposta Social</h2>
<p style="text-align: center;">Estrutura Residencial para Pessoas Idosas do Centro Social e Paroquial de Arões</p>
[/vc_column_text][/vc_column][/vc_row][vc_row video_fullscreen=&#8221;true&#8221; video_url=&#8221;&#8221; video_type=&#8221;video/youtube&#8221;][vc_column][vc_custom_heading text=&#8221;Introdução&#8221; font_container=&#8221;tag:h2|text_align:center&#8221; use_theme_fonts=&#8221;yes&#8221;]<hr class="vertical-space1">[vc_column_text css_animation=&#8221;top-to-bottom&#8221;]A Estrutura Residencial para Pessoas Idosas do Centro Social Paroquial da Freguesia de Arões encontra-se em funcionamento 24 horas por dia, todo o ano, tendo sido inaugurada em agosto de 2021, com uma capacidade para 30 utentes.[/vc_column_text]<hr class="vertical-space2">[vc_custom_heading text=&#8221;Objetivos&#8221; font_container=&#8221;tag:h2|text_align:center&#8221; use_theme_fonts=&#8221;yes&#8221;]<hr class="vertical-space1">[vc_column_text]Constituem objetivos da estrutura residencial, designadamente, os seguintes:</p>
<p>a) Proporcionar cuidados permanentes e adequados à condição biopsicossocial das pessoas idosas;<br />
b) Contribuir para a estimulação de um processo de envelhecimento ativo e saudável promovendo o autocuidado e a prestação de cuidados personalizados e humanizados;<br />
c) Criar condições que permitam preservar e incentivar a relação intrafamiliar e com pessoas de referência, bem como promover novas relações interpessoais visando combater o isolamento;<br />
d) Potenciar a inclusão social;<br />
e) Potenciar um ambiente seguro, confortável, acessível e humanizado;<br />
f) Promover estratégias de desenvolvimento da vivência em comum, numa lógica comunitária, com o respeito pela individualidade, interesses e capacidade, bem como pela privacidade de cada pessoa e/ou família;<br />
g) Promover e enquadrar o envolvimento da comunidade no dia-a-dia da ERPI, numa lógica complementar ao plano de atividades da ERPI;<br />
h) Fomentar as relações sociais, a convivência, a entreajuda e o espírito de comunidade;<br />
i) Proporcionar acolhimento transitório e temporário, no âmbito do regime do descanso do cuidador informal e das altas hospitalares.[/vc_column_text]<hr class="vertical-space2">[vc_custom_heading text=&#8221;Atividades e Serviços&#8221; font_container=&#8221;tag:h2|text_align:center&#8221; use_theme_fonts=&#8221;yes&#8221;]<hr class="vertical-space1">[vc_column_text]A estrutura residencial presta um conjunto de atividades e serviços, designadamente:</p>
<p>a) Alimentação adequada às necessidades dos residentes, respeitando as prescrições médicas;<br />
b) Cuidados de higiene pessoal;<br />
c) Tratamento de roupa;<br />
d) Higiene dos espaços;<br />
e) Atividades de animação sociocultural, lúdico-recreativas e ocupacionais que visem contribuir para um clima de relacionamento saudável entre os residentes e para a estimulação e manutenção das suas capacidades físicas e psíquicas;<br />
f) Apoio no desempenho das atividades da vida diária;<br />
g) Cuidados de enfermagem, bem como o acesso a cuidados de saúde;<br />
h) Administração de fármacos, quando prescritos.[/vc_column_text]<hr class="vertical-space1"><article class="icon-box2" ><i class="fa-clock-o" style=""></i><h4>Horário de Funcionamento</h4><p>24 Horas</p></article>[/vc_column][/vc_row][vc_row row_type=&#8221;6&#8243; maxslider_image1=&#8221;8069&#8243; maxslider_image2=&#8221;7862&#8243;][vc_column width=&#8221;1/2&#8243;][vc_custom_heading text=&#8221;Regulamento Interno&#8221; use_theme_fonts=&#8221;yes&#8221;]<article class="icon-box3"  style="color: #ffffff"><a target="_blank" href="https://csparoes.pt/wp-content/uploads/2024/11/Regulamento-Interno-ERPI.pdf"><i class="fa-cloud-download" style=" color:#ffffff;"></i></a><h4>Clique para abrir</h4></article><article class="icon-box3"  style="color: #ffffff"><a target="_blank" href="https://csparoes.pt/wp-content/uploads/2024/11/Regulamento-Interno-ERPI-Anexo.pdf"><i class="fa-cloud-download" style=" color:#ffffff;"></i></a><h4>Anexo</h4></article>[/vc_column][vc_column width=&#8221;1/2&#8243;][vc_custom_heading text=&#8221;Plano de Atividades&#8221; font_container=&#8221;tag:h2|text_align:center&#8221; use_theme_fonts=&#8221;yes&#8221;]<article class="icon-box3"  style="color: #ffffff"><a target="_blank" href="https://csparoes.pt/wp-content/uploads/2024/11/Plano-de-Atividades-ERPI-2024.pdf"><i class="fa-cloud-download" style=" color:#ffffff;"></i></a><h4>Plano de Atividades 2024</h4></article>[/vc_column][/vc_row]

<p>[vc_row row_type=&#8221;2&#8243; blox_height=&#8221;280&#8243; blox_image=&#8221;7804&#8243; page_title=&#8221;page-title-x&#8221; blox_dark=&#8221;true&#8221; video_fullscreen=&#8221;true&#8221; video_type=&#8221;video/youtube&#8221;][vc_column][/vc_column][/vc_row][vc_row video_fullscreen=&#8221;true&#8221; video_url=&#8221;&#8221; video_type=&#8221;video/youtube&#8221;][vc_column][vc_column_text] ERPI | Resposta Social Estrutura Residencial para Pessoas Idosas do Centro Social e Paroquial de Arões [/vc_column_text][/vc_column][/vc_row][vc_row video_fullscreen=&#8221;true&#8221; video_url=&#8221;&#8221; video_type=&#8221;video/youtube&#8221;][vc_column][vc_custom_heading text=&#8221;Introdução&#8221; font_container=&#8221;tag:h2|text_align:center&#8221; use_theme_fonts=&#8221;yes&#8221;][vc_column_text css_animation=&#8221;top-to-bottom&#8221;]A Estrutura Residencial para Pessoas Idosas do Centro Social Paroquial da Freguesia de Arões encontra-se em funcionamento 24 horas por dia, todo o ano, tendo sido inaugurada em agosto de 2021, com uma capacidade para 30 utentes.[/vc_column_text][vc_custom_heading text=&#8221;Objetivos&#8221; font_container=&#8221;tag:h2|text_align:center&#8221; use_theme_fonts=&#8221;yes&#8221;][vc_column_text]Constituem objetivos da estrutura residencial, designadamente, os seguintes: a) Proporcionar cuidados permanentes e adequados à condição biopsicossocial das pessoas idosas; b) Contribuir para a estimulação de um processo de envelhecimento ativo e saudável promovendo o autocuidado e a prestação de cuidados personalizados e humanizados; c) Criar condições que permitam preservar e incentivar a relação intrafamiliar e com pessoas de referência, bem como promover novas relações interpessoais visando combater o isolamento; d) Potenciar a inclusão social; e) Potenciar um ambiente seguro, confortável, acessível e humanizado; f) Promover estratégias de desenvolvimento da vivência em comum, numa lógica comunitária, com o respeito pela individualidade, interesses e capacidade, bem como pela privacidade de cada pessoa e/ou família; g) Promover e enquadrar o envolvimento da comunidade no dia-a-dia da ERPI, numa lógica complementar ao plano de atividades da ERPI; h) Fomentar as relações sociais, a convivência, a entreajuda e o espírito de comunidade; i) Proporcionar acolhimento transitório e temporário, no âmbito do regime do descanso do cuidador informal e das altas hospitalares.[/vc_column_text][vc_custom_heading text=&#8221;Atividades e Serviços&#8221; font_container=&#8221;tag:h2|text_align:center&#8221; use_theme_fonts=&#8221;yes&#8221;][vc_column_text]A estrutura residencial presta um conjunto de atividades e serviços, designadamente: a) Alimentação adequada às necessidades dos residentes, respeitando as prescrições médicas; b) Cuidados de higiene pessoal; c) Tratamento de roupa; d) Higiene dos espaços; e) Atividades de animação sociocultural, lúdico-recreativas e ocupacionais que visem contribuir para um clima de relacionamento saudável entre os residentes e&#8230; </p>
<p><a class="readmore" href="https://csparoes.pt/index.php/resposta-social-erpi/">Ler Mais</a></p>
