{"id":8163,"date":"2016-05-10T10:59:38","date_gmt":"2016-05-10T10:59:38","guid":{"rendered":"http:\/\/csparoes.pt\/?page_id=8163"},"modified":"2025-11-26T12:40:53","modified_gmt":"2025-11-26T12:40:53","slug":"corpos-sociais","status":"publish","type":"page","link":"https:\/\/csparoes.pt\/index.php\/corpos-sociais\/","title":{"rendered":"Corpos Sociais"},"content":{"rendered":"[vc_row row_type=&#8221;2&#8243; blox_height=&#8221;170&#8243; blox_image=&#8221;7804&#8243; page_title=&#8221;page-title-x&#8221; blox_dark=&#8221;true&#8221; video_type=&#8221;video\/youtube&#8221;][vc_column][\/vc_column][\/vc_row][vc_row][vc_column]<hr class=\"vertical-space4\">[vc_column_text]\n<h2 style=\"letter-spacing: 3px; text-align: center;\">CORPOS SOCIAIS<\/h2>\n<p style=\"text-align: center;\">O Centro Social Paroquial de Ar\u00f5es disp\u00f5e de uma Dire\u00e7\u00e3o e de um Conselho Fiscal, eleito por um mandato de 4 anos. Estes s\u00e3o os \u00f3rg\u00e3os eleitos para o quatri\u00e9nio 2022\/2026:<\/p>\n[\/vc_column_text]<hr class=\"vertical-space2\"><div class=\"max-title1\"><h2>ELEMENTOS DA DIREC\u00c7\u00c3O<\/h2><\/div>[\/vc_column][\/vc_row][vc_row video_url=&#8221;&#8221; video_type=&#8221;video\/youtube&#8221;][vc_column width=&#8221;1\/3&#8243;]<article class=\"our-team3 clearfix\"><figure><img decoding=\"async\" src=\"https:\/\/csparoes.pt\/wp-content\/uploads\/2024\/10\/cspa_homem.png\" alt=\"\"><\/figure><div class=\"tdetail\"><h2>Padre Jos\u00e9 Carlos dos Santos Bento<\/h2><h5>Presidente<\/h5><\/div><\/article>[\/vc_column][vc_column width=&#8221;1\/3&#8243;]<article class=\"our-team3 clearfix\"><figure><img decoding=\"async\" src=\"https:\/\/csparoes.pt\/wp-content\/uploads\/2024\/10\/cspa_homem.png\" alt=\"\"><\/figure><div class=\"tdetail\"><h2>Henrique Da Silva Dias<\/h2><h5>Vice-Presidente<\/h5><\/div><\/article>[\/vc_column][vc_column width=&#8221;1\/3&#8243;]<article class=\"our-team3 clearfix\"><figure><img decoding=\"async\" src=\"https:\/\/csparoes.pt\/wp-content\/uploads\/2024\/10\/cspa_mulher.png\" alt=\"\"><\/figure><div class=\"tdetail\"><h2>Rosa Adelina Silva Carvalho<\/h2><h5>Tesoureira<\/h5><\/div><\/article>[\/vc_column][\/vc_row][vc_row video_url=&#8221;&#8221; video_type=&#8221;video\/youtube&#8221;][vc_column width=&#8221;1\/4&#8243;][\/vc_column][vc_column width=&#8221;1\/4&#8243;]<article class=\"our-team3 clearfix\"><figure><img decoding=\"async\" src=\"https:\/\/csparoes.pt\/wp-content\/uploads\/2024\/10\/cspa_homem.png\" alt=\"\"><\/figure><div class=\"tdetail\"><h2>Pedro Fernandes Ferreira<\/h2><h5>Secret\u00e1rio<\/h5><\/div><\/article>[\/vc_column][vc_column width=&#8221;1\/4&#8243;]<article class=\"our-team3 clearfix\"><figure><img decoding=\"async\" src=\"https:\/\/csparoes.pt\/wp-content\/uploads\/2024\/10\/cspa_mulher.png\" alt=\"\"><\/figure><div class=\"tdetail\"><h2>Jacinta Margarida Tavares<\/h2><h5>Vogal<\/h5><\/div><\/article>[\/vc_column][vc_column width=&#8221;1\/4&#8243;][\/vc_column][\/vc_row][vc_row][vc_column]<hr class=\"vertical-space1\"><div class=\"max-title1\"><h2>ELEMENTOS DO CONSELHO FISCAL<\/h2><\/div>[\/vc_column][\/vc_row][vc_row video_url=&#8221;&#8221; video_type=&#8221;video\/youtube&#8221;][vc_column width=&#8221;1\/3&#8243;]<article class=\"our-team3 clearfix\"><figure><img decoding=\"async\" src=\"https:\/\/csparoes.pt\/wp-content\/uploads\/2024\/10\/cspa_homem.png\" alt=\"\"><\/figure><div class=\"tdetail\"><h2>Manuel Domingos da Costa Tavares<\/h2><h5>Presidente<\/h5><\/div><\/article>[\/vc_column][vc_column width=&#8221;1\/3&#8243;]<article class=\"our-team3 clearfix\"><figure><img decoding=\"async\" src=\"https:\/\/csparoes.pt\/wp-content\/uploads\/2024\/10\/cspa_mulher.png\" alt=\"\"><\/figure><div class=\"tdetail\"><h2>Celeste Tavares Martinho Vig\u00e1rio<\/h2><h5>Secret\u00e1ria<\/h5><\/div><\/article>[\/vc_column][vc_column width=&#8221;1\/3&#8243;]<article class=\"our-team3 clearfix\"><figure><img decoding=\"async\" src=\"https:\/\/csparoes.pt\/wp-content\/uploads\/2024\/10\/cspa_mulher.png\" alt=\"\"><\/figure><div class=\"tdetail\"><h2>Madalena Tavares Covelo Azevedo<\/h2><h5>Vogal<\/h5><\/div><\/article>[\/vc_column][\/vc_row][vc_row][vc_column]<hr class=\"vertical-space1\"><div class=\"max-title1\"><h2>DIRE\u00c7\u00c3O DE SERVI\u00c7OS<\/h2><\/div>[\/vc_column][\/vc_row][vc_row video_url=&#8221;&#8221; video_type=&#8221;video\/youtube&#8221;][vc_column width=&#8221;1\/3&#8243;]<article class=\"our-team3 clearfix\"><figure><img decoding=\"async\" src=\"\" alt=\"\"><\/figure><div class=\"tdetail\"><h2><\/h2><h5><\/h5><\/div><\/article>[\/vc_column][vc_column width=&#8221;1\/3&#8243;]<article class=\"our-team3 clearfix\"><figure><img decoding=\"async\" src=\"https:\/\/csparoes.pt\/wp-content\/uploads\/2024\/10\/cspa_mulher.png\" alt=\"\"><\/figure><div class=\"tdetail\"><h2>Diana Pinho<\/h2><h5>Diretora de Servi\u00e7os<\/h5><\/div><\/article>[\/vc_column][vc_column width=&#8221;1\/3&#8243;]<article class=\"our-team3 clearfix\"><figure><img decoding=\"async\" src=\"\" alt=\"\"><\/figure><div class=\"tdetail\"><h2><\/h2><h5><\/h5><\/div><\/article>[\/vc_column][\/vc_row][vc_row][vc_column]<hr class=\"vertical-space1\">[\/vc_column][\/vc_row]\n","protected":false},"excerpt":{"rendered":"<p>[vc_row row_type=&#8221;2&#8243; blox_height=&#8221;170&#8243; blox_image=&#8221;7804&#8243; page_title=&#8221;page-title-x&#8221; blox_dark=&#8221;true&#8221; video_type=&#8221;video\/youtube&#8221;][vc_column][\/vc_column][\/vc_row][vc_row][vc_column][vc_column_text] CORPOS SOCIAIS O Centro Social Paroquial de Ar\u00f5es disp\u00f5e de uma Dire\u00e7\u00e3o e de um Conselho Fiscal, eleito por um mandato de 4 anos. Estes s\u00e3o os \u00f3rg\u00e3os eleitos para o quatri\u00e9nio 2022\/2026: [\/vc_column_text][\/vc_column][\/vc_row][vc_row video_url=&#8221;&#8221; video_type=&#8221;video\/youtube&#8221;][vc_column width=&#8221;1\/3&#8243;][\/vc_column][vc_column width=&#8221;1\/3&#8243;][\/vc_column][vc_column width=&#8221;1\/3&#8243;][\/vc_column][\/vc_row][vc_row video_url=&#8221;&#8221; video_type=&#8221;video\/youtube&#8221;][vc_column width=&#8221;1\/4&#8243;][\/vc_column][vc_column width=&#8221;1\/4&#8243;][\/vc_column][vc_column width=&#8221;1\/4&#8243;][\/vc_column][vc_column width=&#8221;1\/4&#8243;][\/vc_column][\/vc_row][vc_row][vc_column][\/vc_column][\/vc_row][vc_row video_url=&#8221;&#8221; video_type=&#8221;video\/youtube&#8221;][vc_column width=&#8221;1\/3&#8243;][\/vc_column][vc_column width=&#8221;1\/3&#8243;][\/vc_column][vc_column width=&#8221;1\/3&#8243;][\/vc_column][\/vc_row][vc_row][vc_column][\/vc_column][\/vc_row][vc_row video_url=&#8221;&#8221; video_type=&#8221;video\/youtube&#8221;][vc_column width=&#8221;1\/3&#8243;][\/vc_column][vc_column width=&#8221;1\/3&#8243;][\/vc_column][vc_column width=&#8221;1\/3&#8243;][\/vc_column][\/vc_row][vc_row][vc_column][\/vc_column][\/vc_row]<\/p>\n","protected":false},"author":1,"featured_media":0,"parent":0,"menu_order":0,"comment_status":"closed","ping_status":"closed","template":"","meta":{"footnotes":""},"class_list":["post-8163","page","type-page","status-publish","hentry"],"aioseo_notices":[],"_links":{"self":[{"href":"https:\/\/csparoes.pt\/index.php\/wp-json\/wp\/v2\/pages\/8163","targetHints":{"allow":["GET"]}}],"collection":[{"href":"https:\/\/csparoes.pt\/index.php\/wp-json\/wp\/v2\/pages"}],"about":[{"href":"https:\/\/csparoes.pt\/index.php\/wp-json\/wp\/v2\/types\/page"}],"author":[{"embeddable":true,"href":"https:\/\/csparoes.pt\/index.php\/wp-json\/wp\/v2\/users\/1"}],"replies":[{"embeddable":true,"href":"https:\/\/csparoes.pt\/index.php\/wp-json\/wp\/v2\/comments?post=8163"}],"version-history":[{"count":65,"href":"https:\/\/csparoes.pt\/index.php\/wp-json\/wp\/v2\/pages\/8163\/revisions"}],"predecessor-version":[{"id":22698,"href":"https:\/\/csparoes.pt\/index.php\/wp-json\/wp\/v2\/pages\/8163\/revisions\/22698"}],"wp:attachment":[{"href":"https:\/\/csparoes.pt\/index.php\/wp-json\/wp\/v2\/media?parent=8163"}],"curies":[{"name":"wp","href":"https:\/\/api.w.org\/{rel}","templated":true}]}}

[vc_row row_type=&#8221;2&#8243; blox_height=&#8221;170&#8243; blox_image=&#8221;7804&#8243; page_title=&#8221;page-title-x&#8221; blox_dark=&#8221;true&#8221; video_type=&#8221;video/youtube&#8221;][vc_column][/vc_column][/vc_row][vc_row][vc_column]<hr class="vertical-space4">[vc_column_text]
<h2 style="letter-spacing: 3px; text-align: center;">CORPOS SOCIAIS</h2>
<p style="text-align: center;">O Centro Social Paroquial de Arões dispõe de uma Direção e de um Conselho Fiscal, eleito por um mandato de 4 anos. Estes são os órgãos eleitos para o quatriénio 2022/2026:</p>
[/vc_column_text]<hr class="vertical-space2"><div class="max-title1"><h2>ELEMENTOS DA DIRECÇÃO</h2></div>[/vc_column][/vc_row][vc_row video_url=&#8221;&#8221; video_type=&#8221;video/youtube&#8221;][vc_column width=&#8221;1/3&#8243;]<article class="our-team3 clearfix"><figure><img decoding="async" src="https://csparoes.pt/wp-content/uploads/2024/10/cspa_homem.png" alt=""></figure><div class="tdetail"><h2>Padre José Carlos dos Santos Bento</h2><h5>Presidente</h5></div></article>[/vc_column][vc_column width=&#8221;1/3&#8243;]<article class="our-team3 clearfix"><figure><img decoding="async" src="https://csparoes.pt/wp-content/uploads/2024/10/cspa_homem.png" alt=""></figure><div class="tdetail"><h2>Henrique Da Silva Dias</h2><h5>Vice-Presidente</h5></div></article>[/vc_column][vc_column width=&#8221;1/3&#8243;]<article class="our-team3 clearfix"><figure><img decoding="async" src="https://csparoes.pt/wp-content/uploads/2024/10/cspa_mulher.png" alt=""></figure><div class="tdetail"><h2>Rosa Adelina Silva Carvalho</h2><h5>Tesoureira</h5></div></article>[/vc_column][/vc_row][vc_row video_url=&#8221;&#8221; video_type=&#8221;video/youtube&#8221;][vc_column width=&#8221;1/4&#8243;][/vc_column][vc_column width=&#8221;1/4&#8243;]<article class="our-team3 clearfix"><figure><img decoding="async" src="https://csparoes.pt/wp-content/uploads/2024/10/cspa_homem.png" alt=""></figure><div class="tdetail"><h2>Pedro Fernandes Ferreira</h2><h5>Secretário</h5></div></article>[/vc_column][vc_column width=&#8221;1/4&#8243;]<article class="our-team3 clearfix"><figure><img decoding="async" src="https://csparoes.pt/wp-content/uploads/2024/10/cspa_mulher.png" alt=""></figure><div class="tdetail"><h2>Jacinta Margarida Tavares</h2><h5>Vogal</h5></div></article>[/vc_column][vc_column width=&#8221;1/4&#8243;][/vc_column][/vc_row][vc_row][vc_column]<hr class="vertical-space1"><div class="max-title1"><h2>ELEMENTOS DO CONSELHO FISCAL</h2></div>[/vc_column][/vc_row][vc_row video_url=&#8221;&#8221; video_type=&#8221;video/youtube&#8221;][vc_column width=&#8221;1/3&#8243;]<article class="our-team3 clearfix"><figure><img decoding="async" src="https://csparoes.pt/wp-content/uploads/2024/10/cspa_homem.png" alt=""></figure><div class="tdetail"><h2>Manuel Domingos da Costa Tavares</h2><h5>Presidente</h5></div></article>[/vc_column][vc_column width=&#8221;1/3&#8243;]<article class="our-team3 clearfix"><figure><img decoding="async" src="https://csparoes.pt/wp-content/uploads/2024/10/cspa_mulher.png" alt=""></figure><div class="tdetail"><h2>Celeste Tavares Martinho Vigário</h2><h5>Secretária</h5></div></article>[/vc_column][vc_column width=&#8221;1/3&#8243;]<article class="our-team3 clearfix"><figure><img decoding="async" src="https://csparoes.pt/wp-content/uploads/2024/10/cspa_mulher.png" alt=""></figure><div class="tdetail"><h2>Madalena Tavares Covelo Azevedo</h2><h5>Vogal</h5></div></article>[/vc_column][/vc_row][vc_row][vc_column]<hr class="vertical-space1"><div class="max-title1"><h2>DIREÇÃO DE SERVIÇOS</h2></div>[/vc_column][/vc_row][vc_row video_url=&#8221;&#8221; video_type=&#8221;video/youtube&#8221;][vc_column width=&#8221;1/3&#8243;]<article class="our-team3 clearfix"><figure><img decoding="async" src="" alt=""></figure><div class="tdetail"><h2></h2><h5></h5></div></article>[/vc_column][vc_column width=&#8221;1/3&#8243;]<article class="our-team3 clearfix"><figure><img decoding="async" src="https://csparoes.pt/wp-content/uploads/2024/10/cspa_mulher.png" alt=""></figure><div class="tdetail"><h2>Diana Pinho</h2><h5>Diretora de Serviços</h5></div></article>[/vc_column][vc_column width=&#8221;1/3&#8243;]<article class="our-team3 clearfix"><figure><img decoding="async" src="" alt=""></figure><div class="tdetail"><h2></h2><h5></h5></div></article>[/vc_column][/vc_row][vc_row][vc_column]<hr class="vertical-space1">[/vc_column][/vc_row]

<p>[vc_row row_type=&#8221;2&#8243; blox_height=&#8221;170&#8243; blox_image=&#8221;7804&#8243; page_title=&#8221;page-title-x&#8221; blox_dark=&#8221;true&#8221; video_type=&#8221;video/youtube&#8221;][vc_column][/vc_column][/vc_row][vc_row][vc_column][vc_column_text] CORPOS SOCIAIS O Centro Social Paroquial de Arões dispõe de uma Direção e de um Conselho Fiscal, eleito por um mandato de 4 anos. Estes são os órgãos eleitos para o quatriénio 2022/2026: [/vc_column_text][/vc_column][/vc_row][vc_row video_url=&#8221;&#8221; video_type=&#8221;video/youtube&#8221;][vc_column width=&#8221;1/3&#8243;][/vc_column][vc_column width=&#8221;1/3&#8243;][/vc_column][vc_column width=&#8221;1/3&#8243;][/vc_column][/vc_row][vc_row video_url=&#8221;&#8221; video_type=&#8221;video/youtube&#8221;][vc_column width=&#8221;1/4&#8243;][/vc_column][vc_column width=&#8221;1/4&#8243;][/vc_column][vc_column width=&#8221;1/4&#8243;][/vc_column][vc_column width=&#8221;1/4&#8243;][/vc_column][/vc_row][vc_row][vc_column][/vc_column][/vc_row][vc_row video_url=&#8221;&#8221; video_type=&#8221;video/youtube&#8221;][vc_column width=&#8221;1/3&#8243;][/vc_column][vc_column width=&#8221;1/3&#8243;][/vc_column][vc_column width=&#8221;1/3&#8243;][/vc_column][/vc_row][vc_row][vc_column][/vc_column][/vc_row][vc_row video_url=&#8221;&#8221; video_type=&#8221;video/youtube&#8221;][vc_column width=&#8221;1/3&#8243;][/vc_column][vc_column width=&#8221;1/3&#8243;][/vc_column][vc_column width=&#8221;1/3&#8243;][/vc_column][/vc_row][vc_row][vc_column][/vc_column][/vc_row]</p>
